et h = 2 - y. What is the greatest common divisor of h and 29?
29
Suppose 0 = -3*c + 17 + 4. Suppose 5*p = -7*y + 3*y + 33, 4*p = 4*y + 48. Let q = p + 19. What is the highest common divisor of q and c?
7
Suppose q + 1 = 5. Suppose -w = -q*w - 42. Let y = w - -27. What is the greatest common factor of 65 and y?
13
Let t be (32 - 0/(-2)) + -2. Let s = 16 - -42. Suppose -4*w + 238 = s. What is the highest common factor of w and t?
15
Suppose q = -3*q - 12. Let a be q/7*(-7 + 0). Calculate the greatest common factor of a and 15.
3
Suppose 4*o + 52 = 4*u, 4*o = -u - 0*o + 28. Suppose -4 = t, 17*w - 20*w - 3*t - 6 = 0. Calculate the highest common divisor of w and u.
2
Suppose 0 = -10*f + 3*f + 1309. What is the greatest common divisor of 51 and f?
17
Let u = -28 + 30. Suppose -5*g = u*v - 4, -8 = -4*v + 4*g + g. Let s be (-18)/(v - -1)*-12. What is the highest common factor of 108 and s?
36
Let t(y) be the first derivative of -5*y**2 - 3*y + 3. Let o be t(-4). Let v = o + -17. Calculate the highest common divisor of v and 30.
10
Suppose 0 = s + 4*x - 23, -4*s + 45 = -4*x - 67. What is the highest common divisor of 4293 and s?
27
Let u = -99 + 152. Suppose u*k + 12 = 54*k. Calculate the greatest common divisor of 12 and k.
12
Let w be (679/35)/(4/460). What is the highest common divisor of 23 and w?
23
Let r be 180/(-15)*(-8)/6. What is the greatest common divisor of 8 and r?
8
Suppose 7*m - 150 = 2*m + 4*g, -3*m - 4*g = -90. Let t = -12 + 18. What is the greatest common divisor of m and t?
6
Let i(o) = -14*o + 8. Let a be i(-5). Let q be (-3)/(-6) - a/(-4). Let f be (6/(-2))/(3/(-100)). Calculate the greatest common divisor of q and f.
20
Suppose 0 = 2*b - 4*b - 76. Let d = b + 42. Calculate the highest common divisor of 4 and d.
4
Let g be 41*(28/4 + -3). Let k = g + 5. Calculate the greatest common factor of 13 and k.
13
Let s = 1801 - 167. What is the highest common divisor of s and 38?
38
Let d be -1*(-9)/6*-2. Let n be d/(-1) + 0/5. Suppose n*y + j = 619, j = -4*y + 3*y + 205. What is the highest common divisor of 23 and y?
23
Let p be (1*-1)/(1/(-49)). Let q be -4 + (12 - (-9)/(-9)). What is the greatest common factor of q and p?
7
Suppose -28*j + 22*j + 60 = 0. Let l(d) = -d + 12. Let y be l(7). Calculate the greatest common divisor of j and y.
5
Let j be (3 + 3)/(2/3). Suppose 144 = -j*b + 6*b. Let r be (b/2)/((-9)/6). Calculate the highest common divisor of r and 64.
16
Let z be (64/48)/(2/(-36)). Let j = 20 + z. Let o be 6 + (1 - (1 + j)). Calculate the highest common factor of 20 and o.
10
Let v(y) = -11 + 11 - 3*y. Let n be v(-2). What is the greatest common factor of n and 9?
3
Let o be 3 - 2/1 - 3. Let z be o + 5/(1 - 0). Suppose z*j = -0*j + 105. What is the greatest common factor of j and 14?
7
Suppose -9*q + 4*q - a + 258 = 0, a = q - 54. Calculate the highest common divisor of q and 26.
26
Let x be (75/(-9))/(1/(-15)). Suppose -6*d + 397 + 1415 = 0. Let z be d/6 + 3/(-9). Calculate the highest common divisor of z and x.
25
Let c be 19/1 - 9/18*4. What is the greatest common factor of c and 51?
17
Let m(g) = 238*g - 163. Let d be m(3). What is the highest common factor of d and 38?
19
Let i = 96 - 16. Suppose -15 = 9*u - 105. What is the greatest common divisor of u and i?
10
Let a = -222 + 384. Suppose 51*z - 52*z = -a. Calculate the greatest common divisor of 18 and z.
18
Suppose j = -0*j + 13. Let v = 23 - j. What is the greatest common factor of 4 and v?
2
Suppose 5*h = f - 173, 1359 = 5*f - 2*h + 379. What is the greatest common divisor of f and 132?
66
Suppose 4*d + 5*q = 186, 69 = 397*d - 396*d + 5*q. Let a be 3*-1*(-1 - 0). What is the highest common divisor of d and a?
3
Let u be 4/10 - (0 - 460/(-25)). Let r(j) = 2*j + 43. Let l be r(u). Calculate the highest common factor of l and 63.
7
Let f = -123 - -133. What is the greatest common divisor of f and 530?
10
Suppose 5*p - 15 = 2*p. Suppose 2*n - 5*y = -8, 3*n - 3*y - 14 = -2*y. Suppose 0 = -p*m - n + 11. Calculate the highest common factor of 11 and m.
1
Let z(g) = 36*g**3 - 1. Let s be z(2). Suppose 215 = 5*j - 2*x, 544*j = 548*j - 4*x - 184. Calculate the highest common factor of j and s.
41
Let h = 742 + -550. Calculate the greatest common divisor of 120 and h.
24
Let i(n) = n**2 + 12*n + 2. Let m(f) = f**2 + 12*f + 2. Let w(j) = 7*i(j) - 6*m(j). Let a be w(-13). What is the greatest common factor of a and 3?
3
Suppose 0 = -5*v + 21*a - 16*a + 80, 5*a = -v - 8. Let b = -3 - -15. What is the greatest common divisor of b and v?
12
Let k be (-2196)/854*1/((-3)/28). Calculate the greatest common divisor of 24 and k.
24
Suppose k - 2*k + 212 = 0. Suppose -5*d + k + 28 = 0. Let w(h) = -4*h - 12. Let s be w(-6). What is the highest common factor of d and s?
12
Let p be 1/2*2*7. Let f = 25 + p. Calculate the greatest common factor of 80 and f.
16
Suppose 418*x + 9 = 421*x. Calculate the greatest common factor of 93 and x.
3
Let z = -308 - -362. Calculate the highest common factor of 126 and z.
18
Let q(a) = 9*a - 14. Let f be q(3). Suppose 0 = -10*g + f*g - 27. Let t be 4/6 - (-2)/6. Calculate the highest common factor of g and t.
1
Let i be 4/(-16) - (16524/(-16))/3. What is the greatest common divisor of i and 258?
86
Suppose -2*z + 39 = -99. Suppose 96 = a - z. Suppose 0 = v - 1 - 14. What is the greatest common divisor of v and a?
15
Suppose 211*z - 206*z - 650 = 0. Calculate the greatest common factor of z and 10.
10
Let s(f) = f + 2. Let v be s(0). Let l = -115 - -111. Let q(p) = 4*p + 18. Let r be q(l). Calculate the highest common divisor of r and v.
2
Let t = 1079 - 1036. What is the highest common factor of t and 172?
43
Suppose p = 2, -2*p = -4*s + 35 + 49. Let u = 2 + -5. Let b = -1 - u. Calculate the greatest common divisor of s and b.
2
Let u(d) = 2868*d**2 - 2*d + 1. Let x be u(1). Calculate the highest common factor of x and 61.
61
Let x be 7/(14/(-12)) + 60. Let y = -27 + 45. What is the greatest common factor of x and y?
18
Let q = -59 - -85. Suppose -q = 9*z - 11*z. Calculate the greatest common factor of z and 13.
13
Let p = -34 - 1. Let g = p - -395. What is the highest common factor of 40 and g?
40
Let d be (-95)/(3*(-6)/36*2). What is the highest common divisor of d and 20?
5
Let g(j) = 3*j**2 - 14*j - 5. Let t(o) = -12*o**2 + 56*o + 19. Let p(f) = 9*g(f) + 2*t(f). Let q be p(10). What is the highest common factor of 9 and q?
9
Suppose 2*m + 5*u + 210 = 3*m, 0 = -5*m + 5*u + 1090. What is the greatest common factor of 55 and m?
55
Let w = -13486 - -13711. Let r(m) = 8*m + 1. Let j be r(3). Calculate the greatest common divisor of j and w.
25
Let i = 354 + 114. What is the highest common divisor of 72 and i?
36
Suppose 86 = 4*z - 2*t, -3*z + 71 = -0*z + 5*t. Let j = 4470 - 4415. Calculate the highest common factor of z and j.
11
Let i(b) = -3*b**2 + 48*b - 18. Let x be i(15). Calculate the greatest common divisor of x and 45.
9
Let z = 12 - -10. Let j = 682 + -649. Calculate the greatest common factor of j and z.
11
Let t(w) = 4*w**2 + 2*w + 2. Let x be (-3)/(-12) + (-5)/4. Let v be t(x). What is the highest common divisor of 32 and v?
4
Let a(u) = -u**3 + 4*u**2 + 2*u - 2. Let x(i) = -i + 4. Let o be x(2). Let v be a(o). Calculate the highest common factor of v and 5.
5
Suppose 3*c = -c - 176. Let r be -18*(c/8 - 3). Calculate the highest common factor of 17 and r.
17
Let h(o) = -6*o**3 + 4. Let m(w) = 29*w**3 + w**2 - 21. Let a(k) = -11*h(k) - 2*m(k). Let c be a(2). Calculate the highest common divisor of 36 and c.
18
Let i = 22 + 7. Let s = 220 - 230. Let b = s + i. Calculate the highest common divisor of b and 133.
19
Suppose 0 = -263*r + 268*r - 550. Calculate the highest common divisor of r and 176.
22
Let r = -141 - -149. What is the greatest common factor of 68 and r?
4
Let z = 34 - 42. Let t(c) = -6*c + 43. Let g be t(z). What is the highest common factor of 13 and g?
13
Suppose 3*b = 6*b + 6. Let g be b/(-9) + (-219596)/(-18). Let z be 4/(-18) - g/(-225). Calculate the highest common divisor of 6 and z.
6
Suppose -t = -0*t - 10. Suppose 2*k + t = 7*k. Suppose -3*z = -3*r - 153, 4*z = k*z + 5*r + 111. Calculate the highest common divisor of 12 and z.
12
Let b = -32 + 39. Suppose b*t - 19 = 23. Calculate the highest common factor of 42 and